c) = -c - 4. Let o(z) = 7*z - 2. Let t be o(1). Suppose -24 = -t*q + 21. Let v = q - 15. Calculate r(v).
2
Let l(z) = -z**3 - 9*z**2 + 14*z + 25. Let b(t) = 81*t + 71. Let r be b(-1). Give l(r).
-15
Let a be 60/16 + 2/8. Suppose 4*q - a - 4 = 0. Let h(d) = -3*d + q + 10 - 4. What is h(6)?
-10
Let z = 46 + -38. Let v(t) = -t**3 + 7*t**2 + 8*t + 5. Let o be v(z). Let n(x) = -x + 7. What is n(o)?
2
Let s(c) be the first derivative of -2*c**3/3 - 19*c**2/2 + 12*c - 9. Let w be s(-10). Let u(n) = -12*n**2 + 21*n**2 + 3 - 7*n - 10*n**w. Determine u(-6).
9
Let g(q) = -19*q**2 - 1. Let n(p) = 18*p**2 - 3*p + 1. Let c(i) = 18*i**2 - 2*i + 1. Let u(d) = -3*c(d) + 2*n(d). Let k(l) = -2*g(l) + 3*u(l). Determine k(1).
-17
Let a = 2 + -2. Let h be a/((4/2)/(-1)). Let p(l) be the second derivative of l**3/6 + 3*l**2/2 + 3*l. Give p(h).
3
Let q(p) = p - 1. Let a(n) = n**2 - 16*n - 45. Let h be a(18). What is q(h)?
-10
Let d be (-16)/(-5) - -3 - 2/10. Let o(z) = -d - 5*z**2 + 6*z - 2*z - z**3 - 6*z. Let b be (0 + 0 - 5)*1. Calculate o(b).
4
Let v(k) = k**3 + 3*k**2 - 3*k - 3. Let r(o) = o - 12. Suppose -3 - 60 = -7*b. Let i be r(b). Calculate v(i).
6
Let r(b) = 547*b - 17*b**2 + 6*b**2 - 546*b. Give r(2).
-42
Let n(b) be the first derivative of b**2 - 39*b - 143. Give n(18).
-3
Let y be 0/(3 + 2*2/(-1)). Suppose 4*g + y*g - 40 = 0. Let v(h) = -h + 17. Give v(g).
7
Let a(r) be the third derivative of -r**5/60 - r**4/12 - r**3/6 - r**2 - 127*r. What is a(2)?
-9
Let v(c) = 1 - 9 - 50*c + 6 - 54*c + 98*c. Let x = 8 + -6. Calculate v(x).
-14
Let h(m) = 4*m + 1. Suppose 0 = 3*t + 3*j, 2*j = 4*t - 5*t. Suppose -g - 3*k + 5 = t, -3*g + 9 = -5*k + 22. Give h(g).
-3
Let g = 59 - 48. Let q(p) = 0*p - 12 + g*p + 8 - 12*p**2 + p**3. What is q(11)?
-4
Let v(u) = -3*u**2 - u + 4. Let b(w) be the third derivative of -13*w**5/60 - 5*w**4/24 + 5*w**3/2 + 12*w**2. Let s(d) = -2*b(d) + 9*v(d). What is s(0)?
6
Suppose -4 + 24 = -4*g. Let l be g/(-20) - (-2)/(-8). Let k(n) = 8*n**2 - 14. Let s(j) = 7*j**2 - 14. Let a(h) = -6*k(h) + 7*s(h). What is a(l)?
-14
Let u(l) = 7*l**3 - 7*l**2 + 13*l - 2. Let g(m) = -3*m**3 + 4*m**2 - 6*m + 1. Let q(h) = 5*g(h) + 2*u(h). Give q(3).
16
Let h(z) be the second derivative of 1/2*z**3 - z - 3/2*z**2 + 0. Suppose 3*d - 2*d = -4, -2*x + 3*d + 16 = 0. What is h(x)?
3
Let v(m) = 36*m + 3 - 4 - 78*m + 39*m. Let f(x) = 11*x - 2. Let n be f(2). Suppose -2*h + n = 3*h. Give v(h).
-13
Let o(x) = x**2 + 3*x - 2. Let a be o(-4). Let h(v) = v**3 - 4*v**2 - 2. What is h(a)?
-10
Suppose -43*n - 4 = -176. Let x(d) = -5*d - 4. Calculate x(n).
-24
Let s(v) = -v**3 - 3*v**2 + 7*v + 5. Suppose 0 = -4*t - t + 15. Suppose 0 = -t*r - 3*q + 30, 0 = -0*q + 4*q - 20. Suppose r*j + 6 = -14. Give s(j).
-7
Let y(g) be the second derivative of -g**5/60 - g**4/24 - g**3 + 11*g. Let d(u) be the second derivative of y(u). Give d(-4).
7
Let r(d) = 4*d + 12. Let l be r(8). Suppose 0 = -4*c - l + 28. Let s(k) = -1 + 3*k + 6 + 0. Determine s(c).
-7
Let g(w) = -4*w**3 + 9*w**2 + w + 1. Let f(l) = -3*l**3 + 9*l**2 + 1. Let p(k) = -3*f(k) + 2*g(k). What is p(8)?
-49
Let g(s) = -s**2 - s - 2. Let m(c) = -c**3 - 8*c**2 + c - 10. Let z(l) = 2*g(l) + m(l). What is z(-10)?
-4
Let i(h) be the third derivative of h**6/120 - h**5/12 - 2*h**2. Let r be (4/(8/3))/(8/16). Suppose -r*z - z + 2*x = -28, -5*z = -3*x - 37. Give i(z).
0
Let n(f) = -3 + 12*f - 3*f**2 + 9*f**2 + f**3 + 6*f**2 + 0*f**2 - 4*f**2. Give n(-6).
-3
Let q(r) = r**3 - 6*r**2 - 17*r + 12. Let b be q(8). Let o(a) = a**3 - 4*a**2 + 3 + 3 - 7 + b. What is o(4)?
3
Let c(k) = -2*k**2 + 19*k + 4. Let u(q) = -5*q**2 - 75*q + 8. Let p be u(-15). Give c(p).
28
Let u(i) = -2 + 10 - 8 - 4*i**2 - 6*i. Let s(z) = -z. Let g(t) = 6*s(t) - u(t). Determine g(1).
4
Suppose 2*k = 8*k + 126. Let t be 3/2*28/k. Let g(y) = -y**2 + 1. What is g(t)?
-3
Let d(x) be the first derivative of -15 + 1/4*x**4 - 5/3*x**3 - 8*x - 2*x**2. Determine d(6).
4
Let b(w) = w**3. Let v(s) = -8*s**3 - 4*s**2 - 8. Let f(n) = 3*n**3 + n**2 + 3. Let g(l) = 7*f(l) + 2*v(l). Let d(q) = -4*b(q) + g(q). Give d(0).
5
Let s(z) = -12 - 17*z + 14*z**2 - 58*z**2 + 22*z**2 + 2*z + 21*z**2. Calculate s(-13).
14
Let j(t) = t**2 - 8*t - 7. Let z be j(9). Let s(p) = -p**3 + 5*p**z + 4 + 5*p - 1 - 6 + 0. Give s(6).
-9
Let x(r) = 0 - 131*r - 5 - r**3 + 2*r**2 + 129*r + 4*r**2. Calculate x(6).
-17
Let l(d) = d**2 + 3*d + 5. Let r be l(0). Let x(y) = -2*y**2 + 5*y - 7. Determine x(r).
-32
Let y(o) be the second derivative of o**7/2520 - o**6/720 - o**5/120 - o**4/3 + 5*o. Let c(d) be the third derivative of y(d). What is c(-4)?
19
Let x(b) be the third derivative of 0*b**4 + 1/60*b**5 + 0 - 2/3*b**3 + 0*b - 2*b**2. Let f = 64 - 61. Calculate x(f).
5
Let f = 1 - 4. Let d(s) = 4*s**2 + 4*s - 6. Let r(n) = 9*n**2 + 10*n - 13. Let z(t) = -7*d(t) + 3*r(t). What is z(f)?
-12
Let n(u) = 3. Let x(r) = -r - 4. Suppose -3*z = -g + 8, -5*g + 0*z = -4*z - 18. Let w(i) = g*x(i) + 3*n(i). Determine w(-3).
7
Let u be ((-9)/8)/((-31)/248). Let r(l) = -9*l**2 - 2*l + l**3 + 11 - 3 + 4. What is r(u)?
-6
Let c be -8 + -2 + (5 - 0). Let v(g) = g**2 + 7*g + 3. What is v(c)?
-7
Let n(a) be the first derivative of a**2/2 + 23*a + 44. Calculate n(-18).
5
Suppose -2 - 16 = x. Let z = x - -37. Let y(l) = 5*l + 12 - z + 0*l**2 + l**2. Determine y(-6).
-1
Let v(a) be the first derivative of -a + 5/2*a**2 + 4 - 1/3*a**3. What is v(6)?
-7
Let d(f) be the first derivative of -f**4/2 - f**3 - f**2 - 2*f - 20. Let g be -1 - 2 - (-5)/1. Suppose n = g*m + 6, 6*m + 14 = 2*m + 3*n. Give d(m).
6
Let j(x) = 4. Let c(b) = -b + 1. Let l(u) = 3*c(u) - j(u). Let n be 1 + (-1 - 0) - -2. Suppose n*k - 7*k = 2*v + 14, 0 = -2*v - 2*k - 8. Determine l(v).
5
Let v(w) = 63*w**2 + 10*w - 23. Let p(h) = 20*h**2 + 3*h - 8. Let b(s) = -19*p(s) + 6*v(s). Give b(4).
-6
Let h be (-8)/(-2) - (25/(-10) - -4). Let n(b) be the first derivative of h*b**2 - 3*b + 2. Give n(2).
7
Let m(t) = 4 + 3*t**2 - 3 - 3*t - t**2 - 2*t**3 + 2. Let a(v) = -3*v**3 - 22*v**2 - 9*v - 12. Let b be a(-7). Determine m(b).
-11
Let j = 640 - 630. Let v(c) = -c + 12. Determine v(j).
2
Let a(t) be the third derivative of t**5/60 + t**4/8 - 17*t**3/6 + 481*t**2. Calculate a(5).
23
Suppose -14*y = 17*y - 186. Let q(h) = 7*h**2 - 6*h + 8. Let x be (-62)/10 + (-1)/(-5). Let p(m) = -m**2 - 1. Let k(g) = x*p(g) - q(g). What is k(y)?
-2
Let t(o) = -2 + 1 + 2 - o**2 + 8*o - 3. Suppose 2*w = 5*p + 3, 0*p - 4*p + 20 = 4*w. Calculate t(w).
14
Let k(j) = 27*j**3 - 8*j**2 + 8*j - 1. Let m(u) = -25*u**3 + 7*u**2 - 7*u + 1. Let o(i) = 5*k(i) + 6*m(i). Let s(b) = 2*b - 3. Let g be s(2). Calculate o(g).
-14
Let i(c) = -c**3 + 3*c**2 + c - 1. Let v = -27 + 26. Let u be (2/v)/(6/9*-1). Give i(u).
2
Let b = -15 + 8. Let m be ((-5)/10)/(2/(-20)). Let f(d) = d**2 + 7 + 7*d + 5*d - m*d. Give f(b).
7
Let m = 6 - 10. Let d(r) = r**2 + 5*r + 5. Let q be d(m). Let b(y) = 159*y + 0*y**2 - 3*y**2 - y**2 - 158*y. Determine b(q).
-3
Let u(v) = -v - 2. Suppose -2*x + 24 = x + w, -x + 8 = 3*w. Let s(j) = x*j - 2*j - 3*j + 0*j + 3. Let f(g) = -2*s(g) - 5*u(g). What is f(5)?
-1
Suppose 175 = 18*i + 17*i. Let q(o) be the first derivative of -o**2 - o + 10/3*o**3 + i. Give q(-1).
11
Let b(q) = -3*q + 25. Let f be 8/(-16)*(-6 + -8). Give b(f).
4
Suppose -5*b = 2*z + 10, -10 = -3*z + 6*z + 5*b. Suppose -6 = -k - z*k. Let a(u) = -14*u**2 - 7*u + 32*u**2 - 17*u**2 + 5. What is a(k)?
-1
Let s(n) = 4*n**2 + 4*n + 3. Suppose -27*h = -28*h + 4. Suppose -5*x + 3*x = h. Calculate s(x).
11
Let q(y) = y**3 + 0*y**3 + 15*y**2 - 23*y**2 - 13*y + 5*y - 3. What is q(9)?
6
Let y(d) = d**2 - 9*d - 14. Let n be y(10). Let i(s) be the second derivative of 5*s**3/6 + 5*s**2/2 - 116*s + 1. Give i(n).
-15
Let l(w) be the third derivative of -w**4/8 + w**3/3 + 35*w**2 - w. Determine l(-5).
17
Let f(t) be the second derivative of 3*t**3/2 - 7*t**2 + 27*t. What is f(3)?
13
Let v(l) = 3*l - 6. Let r be v(4). Suppose -5 = -3*i + j, -3*i - i - 5*j = -13. Let d(x) = 14*x**i - 21*x - 7*x**2 + 14*x - x**3 - 4. Determine d(r).
-10
Let b(y) be the first derivative of -2*y**2 - 69*y - 315. Give b(-15).
-9
Let a = -17 + 17. Let x be a + (-12)/16*-4. Let o(f) = -2 + 2 - x*f + 8*f. What is o(-1)?
-5
Let x(j) be the first derivative of -j**3/3 